 = -4*o + o + g. What are the prime factors of o?
3, 13
Let r be -6*(-3)/(-6) + -4. Let z be 3/(-12) - r/28. Suppose z = n + 4*n - 65. List the prime factors of n.
13
Suppose -3*f + 136 = -26. Let w = f - -21. Let o = -42 + w. What are the prime factors of o?
3, 11
Let i be ((-5)/5)/((-1)/3). Suppose -4*c = -5*j - 25, 0 = i*c - 3*j - 21 + 3. Suppose 11 = -c*p + 6*p. List the prime factors of p.
11
Suppose -4*g = -67 - 177. Suppose 75 + g = 2*x. What are the prime factors of x?
2, 17
Let t(y) = -165*y - 267. List the prime factors of t(-13).
2, 3, 313
Let a = 427 - 181. What are the prime factors of a?
2, 3, 41
Suppose 5*r = -3*v - v + 300, 2*r = 4*v - 328. What are the prime factors of v*((-6)/27 + (-328)/(-180))?
2
Let a be 49/(-14)*2*-1. Suppose -3*r - 1 = -a. Suppose -4*t + 38 = -3*v - r*v, 0 = -t + 3*v + 6. List the prime factors of t.
2, 3
Let v = 6 + -6. Suppose -2 = -k - v*k. Suppose k*j = 1 + 23. List the prime factors of j.
2, 3
Let j = 34 - 21. Let i = -9 - -34. Let m = i - j. List the prime factors of m.
2, 3
Let l be ((-28)/(-12) - 3)/((-1)/(-126)). Let v = l + 149. List the prime factors of v.
5, 13
Let l be (-14)/(-4) - 1/2. Suppose 2*z = c + 9, -l*c - 4 = -5*z + 21. List the prime factors of (-1)/z + 76/8.
3
Let u = 665 - -57. What are the prime factors of u?
2, 19
Let c = -60 + 62. Suppose 0 = 3*z + 9, -c*z + 228 = 7*s - 4*s. List the prime factors of s.
2, 3, 13
Let t = -295 - -60. List the prime factors of (66/(-15) + 4)*t.
2, 47
Let d be ((-2)/(-6))/(6/18). What are the prime factors of (d/(3/(-177)))/(-1)?
59
Suppose -3*q + 14 = -5*k - 158, 248 = 4*q - 2*k. List the prime factors of (-10)/(q/34 + -2).
5, 17
Let y = -25 + 28. Suppose -5*k - 130 = -5*p, 0 = y*p - k - 0*k - 72. List the prime factors of p.
23
Let c = -33 - -37. Let w(u) = -u**2 + 6*u - 4. What are the prime factors of w(c)?
2
Suppose 176 + 1240 = 12*p. Let u = p - 21. List the prime factors of u.
97
Suppose 0*g + 3*g = 5*s + 37, -2*g - 3*s = 7. Suppose 0 = g*p - 3*m - 731, -3*p - m = -8*p + 911. List the prime factors of p.
2, 7, 13
Let m(x) = 18*x**3 - 7*x**2 + 8*x - 4. What are the prime factors of m(4)?
2, 3, 89
Let m = 62 + -116. Let f = m + 110. List the prime factors of f.
2, 7
Let q = -4 - 66. List the prime factors of ((-2)/3)/((-1)/(-3)) - q.
2, 17
Let y = -3 - -8. Suppose 4*s - 51 = -5*j, 5*s - y - 23 = -3*j. What are the prime factors of j?
11
Suppose 4*j = -j - 15. Let h be -39 + j + 4 + -2. Let x = 74 + h. List the prime factors of x.
2, 17
Let w(h) = 16*h - 1. Let x be w(4). Let f be (33 - -12) + 3*-1. Suppose 4*d - g - x = 0, d + 2*d + g - f = 0. List the prime factors of d.
3, 5
Let d(s) be the second derivative of -s**5/20 + 7*s**4/12 + 7*s**3/6 - 6*s**2 + 6*s. What are the prime factors of d(7)?
37
Suppose 9*b - 10*b - 32 = 0. Let c = 46 + b. Let d = -10 + c. List the prime factors of d.
2
What are the prime factors of (-1924867)/(-815) - 2/(-10)?
2, 1181
Let d(g) = g**3 + 9*g**2 + g + 14. Let m be d(-9). Suppose m*c - 243 = 37. What are the prime factors of c?
2, 7
Let f(v) = -110*v + 130. List the prime factors of f(-9).
2, 5, 7
List the prime factors of -5 + 5 - (-1329 + (-2 - -2)).
3, 443
Let v = 1217 + -684. List the prime factors of v.
13, 41
Suppose 5*p - 3*p = 38. Suppose 0 = 2*f + 5*d + p, 2*f = 7*f + 3*d + 19. Let a(v) = 11*v**2 + v - 3. What are the prime factors of a(f)?
3, 13
Suppose -a - 29 = -2*q, 5*a + 2*q = 6*q - 127. Let j = 20 + a. List the prime factors of (-3 + (1 - j))*29.
29
Suppose 5*m - 4128 = -4*o + 6*m, -5*o - m = -5151. What are the prime factors of o?
1031
Let q = 290 - -79. List the prime factors of q.
3, 41
List the prime factors of (-251 + 12/3)/(-1).
13, 19
Let t(f) = 2*f**3 - 5*f**2 + 7*f - 5. Let k be t(2). Suppose 0 = 5*c - 20, d + 4*c = k*d - 288. List the prime factors of d.
2, 19
Suppose 65 = 4*r - 3. Let d = r + -29. What are the prime factors of 28*3*(-4)/d?
2, 7
Let m be (-28)/(-3) - 10/(-15). Let q(k) = -k + 14. Let r be q(m). Suppose -6*d - r*x = -2*d - 60, -3*x + 85 = 5*d. List the prime factors of d.
2, 5
Let u(o) be the first derivative of 2*o**3/3 - 8*o**2 - 5*o - 14. List the prime factors of u(11).
61
Suppose 0 = 14*r - 2354 - 852. List the prime factors of r.
229
Suppose -28 = 2*i - 6*i. Suppose -12*w = -i*w - 660. List the prime factors of w.
2, 3, 11
Let w = 12 - 25. Let f be 4*3 + w + 9. Suppose 205 = 5*i - f*a + 3*a, 3*a - 136 = -4*i. List the prime factors of i.
37
Let j(h) be the second derivative of h**4/2 + h**3/6 - 3*h**2/2 + 14*h. List the prime factors of j(-2).
19
Suppose -5*m - 13 = 5*h - 2*h, -m = -2*h + 13. Suppose h = k + 39. What are the prime factors of 20/k*(-15 + 1)?
2
Let s = 4488 - 2449. What are the prime factors of s?
2039
Suppose i + 8229 = 4*t, 27*t - i + 2051 = 28*t. List the prime factors of t.
2, 257
Let j(o) be the second derivative of -o**3/2 - o**2/2 - 3*o. Let u be j(0). List the prime factors of u - -45*1/1.
2, 11
Let p(k) = 724*k - 516. List the prime factors of p(6).
2, 3, 11, 29
Suppose -4*g = -11*g - 14. Let h(u) = 27*u**2 + 3*u + 2. What are the prime factors of h(g)?
2, 13
Suppose 8*v - 255 = 3121. What are the prime factors of v?
2, 211
What are the prime factors of (-87)/((-95)/20 - -4)?
2, 29
Suppose c - 3*t + 9 = 0, -5*t + 8 = -4*c - 0. Suppose 2*y - 4*s - s - 9 = 0, s + c = y. List the prime factors of y + 2*100/8.
3
Let a(j) = j**3 + 9*j**2 + 7*j + 10. Suppose 3 = -5*n - 2. Let p(d) = 8*d. Let x be p(n). What are the prime factors of a(x)?
2, 3
Let h be 39*(-7)/((-42)/20). Let w = -36 + h. What are the prime factors of w?
2, 47
Let j = -957 + 1452. List the prime factors of j.
3, 5, 11
Let d be (-4)/18 - (-282)/54. Suppose k - 18 = -d*m + 1, 2*m - 40 = 5*k. What are the prime factors of 14/2 + (-12)/k?
3
What are the prime factors of -5*(14/70 + (-206)/5)?
5, 41
Suppose 2*u = 3*u - 16. Suppose b + 0*b = u. List the prime factors of b/(1/1) + 0.
2
Let p(l) = -l**3 + 6*l**2 - 7*l + 4. Let b be p(4). Suppose 0*n = -2*n + b. Suppose v - 88 = -5*g, 0 = n*g - 2*g + v - 37. List the prime factors of g.
17
Let v be 0 - (13 + (-3 - -2)). What are the prime factors of 1/((2/(-12))/(42/v))?
3, 7
Let h(m) = -17*m + 1. Let w be h(1). Let v = w - -42. Suppose -j + 2*p - 8 + v = 0, 2*p = 0. List the prime factors of j.
2, 3
Let u = -78 - -102. List the prime factors of u.
2, 3
Let v(s) = 8*s - 2 - 13*s + 7*s**2 + 4*s + 0*s**2. Let x be (-4)/18 + 60/27. List the prime factors of v(x).
2, 3
Let s(g) = 5*g + 13. Let q be s(-2). Suppose -4*h + 250 = 2*y, -q*y + 151 = -3*h - 197. What are the prime factors of y?
7, 17
Let y(d) = 99*d + 285. List the prime factors of y(11).
2, 3, 229
Suppose 0 = -d - t + 5 + 2, 2*t = 4*d - 16. Suppose 0 = -d*g + 66 + 419. What are the prime factors of g?
97
Let p be -2 - (-2 - (-2 + 0)). List the prime factors of 1 + (p - -31) - -4.
2, 17
List the prime factors of (99/(-27) - -4)/((-1)/(-5097)).
1699
Suppose 4*y - 24 = -2*l, -y - 4*y + 3*l = -19. Let o = -1 - y. List the prime factors of 20/(3 - o/(-3)).
2, 5
Let w(q) = 5*q**2 - 10*q - 5. What are the prime factors of w(-6)?
5, 47
Let r(h) be the second derivative of -h**3/2 + 2*h**2 + h. Suppose -6*w - m - 38 = -w, w + 10 = m. What are the prime factors of r(w)?
2, 7
Let b(l) = -2*l**3 + 5*l**2 - 8*l - 17. List the prime factors of b(-7).
2, 5, 97
Let a(w) = -16*w + 243. List the prime factors of a(-18).
3, 59
Let v be (144/1)/(6/8). Let y = v - 84. What are the prime factors of 2/(-9) - (-1536)/y?
2, 7
What are the prime factors of (-12861)/(-36)*(14 + -2)?
3, 1429
Let b(l) be the third derivative of l**5/40 + l**3/6 + 5*l**2. Let t(h) be the first derivative of b(h). List the prime factors of t(4).
2, 3
Let u = -45 - -45. Suppose -2*r - 3*r - 3*l + 347 = u, 5*r - 3*l = 353. What are the prime factors of r?
2, 5, 7
Let v be (4/8 - 0)/(3/(-24)). List the prime factors of v - -2 - -35*1.
3, 11
Suppose 6 - 15 = -3*a. Suppose 4*c - 13 = n, 3*n = -a*c + 2*c + 13. Suppose -w = -2*u - 13, -c*w = -9*w - 2*u + 125. What are the prime factors of w?
23
Let j(v) = 135*v - 204. What are the prime factors of j(10)?
2, 3, 191
Let q = -17 - -21. Let v be 2 - 1008/((-16)/q). Suppose -4*g = 106 - v. List the prime factors of g.
37
Suppose -t - 6 = -13. Let y = t + -12. Let b(w) = -2*w - 5. List 